 are the prime factors of 7790814?
2, 3, 47, 9209
List the prime factors of 237530.
2, 5, 23753
What are the prime factors of 3227989?
3227989
List the prime factors of 3182028.
2, 3, 265169
List the prime factors of 13026846.
2, 3, 7, 59, 751
What are the prime factors of 12454067?
83, 181, 829
List the prime factors of 283855.
5, 11, 13, 397
What are the prime factors of 769726?
2, 17, 22639
List the prime factors of 465065.
5, 47, 1979
List the prime factors of 10032245.
5, 67, 29947
What are the prime factors of 7609749?
3, 7, 51767
List the prime factors of 734492.
2, 11, 16693
List the prime factors of 9150905.
5, 1830181
List the prime factors of 24155552.
2, 754861
What are the prime factors of 3844211?
7, 29, 653
List the prime factors of 386745.
3, 5, 19, 23, 59
What are the prime factors of 1897164?
2, 3, 151, 349
What are the prime factors of 11825699?
11825699
List the prime factors of 1873864.
2, 29, 41, 197
List the prime factors of 27483957.
3, 1429, 2137
List the prime factors of 400733.
53, 7561
What are the prime factors of 338424?
2, 3, 59, 239
What are the prime factors of 10888419?
3, 3629473
What are the prime factors of 10448504?
2, 11, 37, 3209
List the prime factors of 3538285.
5, 71, 9967
What are the prime factors of 3821367?
3, 11, 43, 2693
What are the prime factors of 1482471?
3, 127, 1297
List the prime factors of 17417483.
227, 277
List the prime factors of 229061.
7, 43, 761
List the prime factors of 1754158.
2, 7, 107, 1171
What are the prime factors of 8933771?
7, 11, 157, 739
What are the prime factors of 143126?
2, 71563
List the prime factors of 85104.
2, 3, 197
What are the prime factors of 122534?
2, 197, 311
List the prime factors of 10185512.
2, 131, 9719
List the prime factors of 24928550.
2, 5, 23, 53, 409
What are the prime factors of 1662988?
2, 83, 5009
What are the prime factors of 2838169?
2838169
What are the prime factors of 13566043?
967, 14029
List the prime factors of 1656519.
3, 193, 2861
List the prime factors of 178994.
2, 31, 2887
What are the prime factors of 3252127?
311, 10457
What are the prime factors of 416517?
3, 17, 8167
What are the prime factors of 143252?
2, 59, 607
List the prime factors of 11034542.
2, 5517271
List the prime factors of 7814343.
3, 137, 19013
List the prime factors of 3067135.
5, 613427
What are the prime factors of 1965199?
191, 10289
What are the prime factors of 1696206?
2, 3, 19, 14879
List the prime factors of 5091193.
5091193
What are the prime factors of 1064857?
227, 4691
List the prime factors of 138030.
2, 3, 5, 43, 107
What are the prime factors of 1543924?
2, 31, 12451
What are the prime factors of 89520?
2, 3, 5, 373
What are the prime factors of 1117775?
5, 44711
List the prime factors of 6132820.
2, 5, 19, 16139
List the prime factors of 73048.
2, 23, 397
What are the prime factors of 762767?
199, 3833
List the prime factors of 1515800.
2, 5, 11, 13, 53
List the prime factors of 30099989.
229, 131441
List the prime factors of 278871.
3, 92957
What are the prime factors of 4597713?
3, 359, 1423
List the prime factors of 6896236.
2, 1724059
List the prime factors of 12888710.
2, 5, 1288871
What are the prime factors of 28781528?
2, 1511, 2381
List the prime factors of 619332.
2, 3, 7, 73, 101
What are the prime factors of 15878?
2, 17, 467
What are the prime factors of 170500?
2, 5, 11, 31
What are the prime factors of 440663?
101, 4363
List the prime factors of 980151.
3, 157, 2081
List the prime factors of 303917.
303917
What are the prime factors of 4761376?
2, 148793
List the prime factors of 432764.
2, 108191
List the prime factors of 319714.
2, 159857
What are the prime factors of 1625419?
1625419
List the prime factors of 27516702.
2, 3, 409, 11213
List the prime factors of 242359.
13, 103, 181
List the prime factors of 7804682.
2, 23, 169667
List the prime factors of 245235.
3, 5, 16349
What are the prime factors of 193?
193
List the prime factors of 1288109.
1288109
List the prime factors of 217963.
211, 1033
List the prime factors of 541001.
541001
What are the prime factors of 172430?
2, 5, 43, 401
What are the prime factors of 11366341?
7, 1623763
List the prime factors of 199939.
23, 8693
What are the prime factors of 571370?
2, 5, 17, 3361
What are the prime factors of 541849?
7, 11, 31, 227
List the prime factors of 241910.
2, 5, 17, 1423
List the prime factors of 153123.
3, 43, 1187
What are the prime factors of 406735?
5, 7, 11621
What are the prime factors of 272537?
272537
List the prime factors of 1017039.
3, 181, 1873
What are the prime factors of 2934882?
2, 3, 103, 1583
What are the prime factors of 443369?
443369
List the prime factors of 2078280.
2, 3, 5, 23, 251
What are the prime factors of 218593?
79, 2767
What are the prime factors of 71969?
79, 911
List the prime factors of 70613.
241, 293
What are the prime factors of 3817820?
2, 5, 190891
What are the prime factors of 385516?
2, 31, 3109
What are the prime factors of 463575?
3, 5, 7, 883
List the prime factors of 1290986.
2, 645493
List the prime factors of 89779.
89779
List the prime factors of 6847002.
2, 3, 83, 4583
List the prime factors of 487868.
2, 121967
List the prime factors of 356657.
7, 50951
List the prime factors of 2435366.
2, 1217683
What are the prime factors of 286511?
23, 12457
What are the prime factors of 11888616?
2, 3, 495359
What are the prime factors of 7642519?
43, 89, 1997
What are the prime factors of 8824294?
2, 29, 353, 431
What are the prime factors of 4173454?
2, 2086727
List the prime factors of 2124987.
3, 708329
What are the prime factors of 3932273?
1979, 1987
What are the prime factors of 1211997?
3, 29, 13931
List the prime factors of 17006011.
11, 31, 49871
What are the prime factors of 2261838?
2, 3, 479, 787
List the prime factors of 1759292.
2, 439823
List the prime factors of 683367.
3, 227789
What are the prime factors of 1024077?
3, 29, 79, 149
List the prime factors of 1164835.
5, 7, 23, 1447
What are the prime factors of 260845?
5, 13, 4013
What are the prime factors of 1077721?
1077721
List the prime factors of 21977.
21977
List the prime factors of 10014703.
191, 52433
List the prime factors of 137836.
2, 17, 2027
List the prime factors of 314441.
314441
What are the prime factors of 753620?
2, 5, 7, 769
What are the prime factors of 1969867?
67, 29401
List the prime factors of 563764.
2, 97, 1453
List the prime factors of 10363453.
47, 311, 709
List the prime factors of 9953973.
3, 1105997
What are the prime factors of 836397?
3, 199, 467
What are the prime factors of 14691368?
2, 37, 49633
List the prime factors of 272279.
7, 97, 401
What are the prime factors of 4198769?
41, 102409
List the prime factors of 4125116.
2, 1031279
List the prime factors of 1474375.
5, 7, 337
List the prime factors of 61383.
3, 7, 37, 79
What are the prime factors of 7275545?
5, 31, 73, 643
What are the prime factors of 140184?
2, 3, 11, 59
What are the prime factors of 645812?
2, 161453
What are the prime factors of 1099221?
3, 131, 2797
List the prime factors of 11928886.
2, 5964443
List the prime factors of 2003417.
13, 19, 8111
List the prime factors of 993429.
3, 17, 43, 151
What are the prime factors of 404318?
2, 29, 6971
List the prime factors of 768779.
11, 47, 1487
What are the prime factors of 3960523?
7, 131, 617
What are the prime factors of 14604627?
3, 31, 53, 2963
What are the prime factors of 90573?
3, 7, 19, 227
List the prime factors of 8288112.
2, 3, 7, 17, 1451
List the prime factors of 31751.
31751
What are the prime factors of 286634?
2, 19, 397
What are the prime factors of 10064184?
2, 3, 13, 32257
What are the prime factors of 1924982?
2, 193, 4987
What are the prime factors of 174699?
3, 7, 47, 59
List the prime factors of 73979.
29, 2551
What are the prime factors of 140678?
2, 31, 2269
List the prime factors of 468309.
3, 37, 4219
What are the prime factors of 303062?
2, 151531
What are the prime factors of 44670?
2, 3, 5, 1489
List the prime factors of 21432741.
3, 11, 19, 34183
List the prime factors of 4021423.
7, 574489
List the prime factors of 571415.
5, 13, 59, 149
What are the prime factors of 3634237?
79, 179, 257
List the prime factors of 880014.
2, 3, 146669
List the prime factors of 12428